*t - 2. Give y(-1).
7
Let m(r) = -10*r**2 + 2. Calculate m(-1).
-8
Let g(f) = f**3 - 12*f**2 + 15*f - 12. Give g(10).
-62
Let m(b) = -b**3 - 15*b**2 - 26*b - 6. Determine m(-13).
-6
Let w(y) = 3*y + 4. Give w(2).
10
Let t(j) = 3*j**2 - 5*j - 15. Give t(-2).
7
Let p(y) = -y**3 - 8*y**2 + 3*y + 8. Determine p(-8).
-16
Let v(q) = -40*q**3 - 1. Give v(-1).
39
Let t(n) = -n**3 + 33. Determine t(0).
33
Let b(v) = -13*v + 97. Give b(4).
45
Let s(j) = -j**2 + 12*j + 6. Determine s(6).
42
Let b(m) = -m**3 - 3*m**2 - 3*m - 2. Give b(-3).
7
Let w(p) = 2*p**2 + 16*p + 14. Determine w(-11).
80
Let o(t) = t**2 + 5*t - 8. Determine o(6).
58
Let s(t) = 77*t + 76. Calculate s(-1).
-1
Let l(a) = -a - 14. What is l(-12)?
-2
Let c(h) = -3*h - 106. Give c(-28).
-22
Let i(n) = -9*n + 16. What is i(4)?
-20
Let z(p) = 9*p + 24. Determine z(-7).
-39
Let k(s) = -30*s - 2. What is k(6)?
-182
Let s(c) = 2*c - 3. What is s(-6)?
-15
Let h(p) = -2*p**3 - 5*p**2 - 2*p + 1. Calculate h(-3).
16
Let w(k) = -22*k**2 + 5*k + 1. What is w(-2)?
-97
Let t(c) = 8*c - 3. What is t(2)?
13
Let s(c) = c**2 - c - 17. What is s(0)?
-17
Let p(w) = w**2 - 38*w - 6. Give p(38).
-6
Let v(n) = -n + 1. Calculate v(-1).
2
Let x(u) = -u**3 - 7*u**2 + 7*u + 12. Calculate x(-9).
111
Let a(y) = -y - 25. Give a(-23).
-2
Let h(u) = -2*u + 11. Calculate h(16).
-21
Let b(t) = 82*t - 4. Calculate b(1).
78
Let q(o) = -14*o**3 - 3*o**2 - o + 1. Give q(-1).
13
Let f(l) = -l**2 - 19*l + 4. What is f(-14)?
74
Let p(w) = w**3 + 17*w**2 - 17*w + 20. Determine p(-18).
2
Let n(p) = -p + 6. Give n(7).
-1
Let c(q) = q**2 - 3*q - 6. What is c(4)?
-2
Let m(r) = -10*r**2 - 3*r. What is m(-2)?
-34
Let u(g) = -g**3 + 2*g**2 + 10*g - 3. Determine u(4).
5
Let i(c) = -2*c**2 - 29*c. Calculate i(-14).
14
Let m(j) = -6*j - 19. What is m(-6)?
17
Let r(m) = 3*m**2 + 5*m - 2. Determine r(4).
66
Let j(t) = -t**3 - 10*t**2 - 25*t - 10. What is j(-6)?
-4
Let r(l) = 26*l**2 + l + 1. Give r(-1).
26
Let g(j) = j**3 + 5*j**2 + 2*j + 15. Calculate g(-3).
27
Let d(f) = 9*f - 7. Determine d(5).
38
Let m(c) = -c**2 - 9*c + 41. What is m(-13)?
-11
Let t(y) = y**3 - 3*y**2 - 2*y. Calculate t(3).
-6
Let f(b) = 2*b**2 + 9*b + 1. Determine f(-4).
-3
Let a(u) = 27*u**2 - 3*u + 1. What is a(2)?
103
Let m(x) = 4*x + 46. Determine m(-14).
-10
Let y(j) = -j**3 + 15*j**2 - 24*j - 26. Determine y(13).
0
Let y(f) = f**2 + 2*f + 4. What is y(-5)?
19
Let n(o) = -o**2 + 19*o - 7. Give n(17).
27
Let g(n) = 6*n**3 - n**2 + 13. Determine g(0).
13
Let s(g) = -9*g**2 + 8*g - 7. Calculate s(1).
-8
Let t(w) = -w**2 - 8*w + 12. Calculate t(-8).
12
Let x(j) = 7*j - 4. Calculate x(-3).
-25
Let d(b) = b**2 - 5. Give d(-3).
4
Let c(p) = -26*p**2 - 35*p - 6. Determine c(-2).
-40
Let i(h) = -3*h - 9. Give i(4).
-21
Let o(i) = -9*i - 5. Calculate o(-2).
13
Let g(b) = -3*b - 38. Give g(-13).
1
Let z(k) = -k**3 + 5*k - 13. Calculate z(2).
-11
Let m(k) = -19*k - 7. Determine m(-3).
50
Let o(m) = m**3 + 6*m**2 - 4*m - 8. Give o(-7).
-29
Let t(i) = -i**2 - 8*i + 10. Calculate t(-12).
-38
Let l(t) = -6*t**2 + 289*t - 54. What is l(48)?
-6
Let i(p) = p**2 + 6*p + 5. What is i(-7)?
12
Let t(b) = b**3 - 9*b**2 - 9*b + 12. Calculate t(10).
22
Let i(p) = 23*p - 110. Give i(5).
5
Let j(b) = -23*b - 76. Give j(-4).
16
Let t(g) = g**3 - 15*g**2 - g + 33. Calculate t(15).
18
Let s(u) = u**2 - 12*u + 9. Determine s(8).
-23
Let y(d) = 5*d + 5. What is y(-4)?
-15
Let b(k) = -k**3 + 31*k**2 - 58*k - 3. Determine b(29).
-3
Let s(q) = -20*q + 48. Calculate s(2).
8
Let o(h) = -h**3 + 7*h**2 - 5*h. Calculate o(6).
6
Let m(w) = 6*w + 81. Determine m(-14).
-3
Let y(d) = -10*d**2 + 4*d - 3. Give y(2).
-35
Let j(m) = m + 8. What is j(10)?
18
Let q(b) = b - 10. What is q(-11)?
-21
Let x(w) = -w**3 + 8*w**2 - 16*w + 18. What is x(4)?
18
Let l(c) = -3*c + 16. Give l(8).
-8
Let v(s) = -s - 5. Calculate v(3).
-8
Let m(t) = 4*t**3 - 7*t**2 + 2. Give m(-3).
-169
Let l(i) = -i**2 - 14*i - 5. Determine l(-10).
35
Let y(s) = s**3 - 12*s**2 - 13*s + 3. What is y(13)?
3
Let o(m) = -m**2 + 8*m - 17. Calculate o(6).
-5
Let n(g) = 4*g - 24. Determine n(9).
12
Let k(b) = -b**3 + 2*b**2 + 2*b - 2. Determine k(2).
2
Let l(s) = s**3 + s**2 - 2*s + 3. Calculate l(-3).
-9
Let r(o) = o**3 + 23*o**2 - 2*o - 41. Give r(-23).
5
Let d(i) = i**2 - 16*i + 8. Determine d(16).
8
Let o(n) = -3*n + 1. Determine o(0).
1
Let i(c) = c**2 - c + 4. Determine i(-2).
10
Let y(x) = 3*x**2 - 13*x + 20. Give y(5).
30
Let d(b) = 3*b**3 - 9*b**2. Calculate d(4).
48
Let i(u) = -u**3 + 6*u**2 + u - 8. Give i(7).
-50
Let t(a) = -a**2 - 5*a - 1. Determine t(-2).
5
Let w(o) = 4*o - 42. Give w(12).
6
Let i(k) = -k**3 - 6*k**2 - 3*k - 20. What is i(-6)?
-2
Let o(f) = f + 1. Determine o(11).
12
Let h(s) = -s**3 + 3*s**2 + 7*s - 10. What is h(4)?
2
Let j(g) = g**2 + 21*g + 104. Determine j(-15).
14
Let q(z) = -z**3 + 23*z**2 + 3*z - 67. What is q(23)?
2
Let l(h) = -h**3 - 7*h**2 - 3*h + 2. Determine l(-3).
-25
Let c(d) = d**3 + 24*d**2 + 18*d - 24. What is c(-23)?
91
Let m(v) = v**2 + 7*v + 22. Give m(-10).
52
Let f(y) = -6*y + 4. Calculate f(-4).
28
Let n(b) = -2*b**2 + 16*b - 3. Give n(7).
11
Let m(r) = -2*r**2 + r + 75. Determine m(8).
-45
Let y(m) = -13*m - 58. Determine y(-5).
7
Let m(b) = 537*b + 1074. What is m(-2)?
0
Let o(i) = 3*i**3 - 4*i**2 - 2*i + 8. Give o(3).
47
Let g(h) = 10*h + 99. Calculate g(-10).
-1
Let q(x) = 6*x + 1. Give q(8).
49
Let z(j) = j**2 + 13*j + 11. Determine z(-7).
-31
Let h(f) = -f**3 + 5*f**2 + 6*f + 9. Give h(7).
-47
Let l(r) = -r**2 - 2*r + 11. Give l(-4).
3
Let f(a) = -90*a - 443. Determine f(-5).
7
Let t(j) = 5*j + 7. Give t(-2).
-3
Let m(v) = v**2 - 4*v + 6. What is m(4)?
6
Let v(z) = -z**2 - 33*z - 185. What is v(-26)?
-3
Let n(t) = t**2 + 13*t + 36. Calculate n(-10).
6
Let s(j) = j**3 - 8*j**2 + 11*j + 15. Calculate s(5).
-5
Let g(c) = c**3 - 19*c**2 - 22*c + 30. Determine g(20).
-10
Let w(v) = 18*v**3 + 2*v - 1. What is w(1)?
19
Let d(j) = -j**2 + 43*j + 408. Calculate d(-8).
0
Let z(m) = m**3 - 16*m**2 - 38*m + 36. Calculate z(18).
0
Let z(t) = t**3 + 3*t**2 - 14*t - 16. Determine z(-5).
4
Let x(d) = -d**2 + 12*d - 2. Calculate x(10).
18
Let g(v) = 33*v - 402. Determine g(12).
-6
Let k(j) = 2*j + 24. Give k(24).
72
Let u(r) = -2*r**2 - 1. What is u(1)?
-3
Let w(b) = b**2 + 6*b + 17. Calculate w(-3).
8
Let l(r) = r**3 - 3*r**2 - r - 9. What is l(4)?
3
Let j(m) = -10*m**2 - 3*m + 2. Calculate j(1).
-11
Let k(a) = -a**3 - 11*a**2 - 2*a - 15. What is k(-11)?
7
Let t(x) = 4*x - 2. Determine t(2).
6
Let w(r) = r - 14. What is w(15)?
1
Let w(b) = -b**3 + 7*b**2 + 2*b + 11. What is w(8)?
-37
Let m(f) = -f**3 - 7*f**2 - 3*f + 4. Determine m(-5).
-31
Let k(j) = 4*j**2 + 3*j + 4. Give k(-3).
31
Let j(r) = r**2 + 2*r - 86. What is j(8)?
-6
Let y(i) = -i**2 + 23*i + 172. Calculate y(-6).
-2
Let j(s) = -s**2 + 2*s + 6. Give j(0).
6
Let c(i) = -5*i + 5. Determine c(5).
-20
Let j(f) = 3*f**2 + 4*f + 7. Determine j(-2).
11
Let t(q) = -q**3 + 2*q**2 + q - 6. Determine t(3).
-12
Let f(y) = 2*y**2 + 42*y + 83. What is f(-2)?
7
Let c(f) = f + 10. Determine c(0).
10
Let d(c) = 15*c - 149. Give d(10).
1
Let o(q) = q**2 + 11*q - 13. Calculate o(-12).
-1
Let o(q) = 2*q**2 + 7*q + 7. What is o(-4)?
11
Let h(b) = -38*b + 258. Calculate h(6).
30
Let i(x) = x**3 - 4*x**2 - 8*x + 7. Determine i(5).
-8
Let v(c) = -c**3 - 10*c**2 - c - 14. What is v(-10)?
-4
Let q(o) = 2*o**3 + 71*o**2 + 35*o - 12. Calculate q(-35).
-12
Let p(g) = g**3 + 9*g**2 + 12*g - 13. Determine p(-7).
1
Let v(c) = 4*c**2 + 40*c - 4. Calculate v(-9).
-40
Let w(i) = -i**3 - 4*i**2 + 2*i - 12. Calculate w(-5).
3
Let t(z) = 8*z**2 + 97*z + 11. Give t(-12).
-1
Let y(f) = f**3 - 8*f**2 - 8*f. What is y(9)?
9
Let f(w) = 5*w - 24. Determine f(15).
51
Let g(s) = -24*s - 127. What is g(-5)?
-7
Let j(x) = -7*x + 2. Give j(-1).
9
Let a(k) = k**3 - 6*k**2 + 15*k. Determine a(4).
28
Let x(l) = 2*l - 17. Give x(5).
-7
Let l(s) = s**3 - 8*s**2 - 22*s + 23. Calculate l(10).
3
Let h(b) = -b**3 - 7*b**2 - b + 11. What is h(-6)?
-19
Let x(y) = -7*y + 82. Calculate x(11).
5
Let x(i) = -90*i + 2. Determine x(1).
-88
Let n(l) = 2*l**3 - 14*l**2 - 18*l - 7. Calculate n(8).
-23
Let z(k) = k**2 - 12*k - 40. What is z(-3)?
5
Let p(y) = -5*y + 54. Calculate p(12).
-6
Let h(y) = 4*y - 4. 